(x).
18
Let m(j) = 2*j**2 + 3*j - 3. Let i(b) = -3*b**2 + 3*b + 11. Let g be i(4). Let u be (-83)/3 + 2/3. Let n = g - u. Determine m(n).
11
Let g be 10/2 + 0/3. Let s = -3 + g. Let q(i) = i**2 + 4*i + 0 + s + 0*i - 3*i. Calculate q(0).
2
Let s(p) = -3*p + 59. Let l = -564 - -583. Give s(l).
2
Let v = 12 + -9. Let z be 1/v + 40/(-12). Let c(h) = 11*h - 12. Let k(j) = 7*j - 8. Let q(r) = -5*c(r) + 8*k(r). Give q(z).
-7
Let n be (2 - -6)*(0 - 20/4). Let j = n + 42. Let d(y) = y**3 - 4*y**2 + 4*y - 2. Determine d(j).
-2
Let p(j) be the third derivative of 0 + 0*j - 1/3*j**4 + 1/2*j**3 + 1/120*j**5 + 5*j**2. Let c(s) be the first derivative of p(s). Give c(6).
-2
Let k(i) = i**3 - 7*i**2 + 6*i + 1. Let p be (-452)/(-14) - (-8)/(-28). Suppose -4*b = -162 + 58. Let g = p - b. Give k(g).
1
Let x(l) = l**3 - 4*l**2. Let n(w) = -3*w + 8. Let g be n(2). Suppose -g*i - 2 + 10 = 0. Give x(i).
0
Suppose -10 = 2*z, -3*a - z + 0*z + 10 = 0. Let f(c) = -c**3 - c**2 - c. Let b(m) = -4*m**3 + 2*m**2 - 5*m + 1. Let x(w) = -b(w) + 3*f(w). Give x(a).
9
Let m(a) be the third derivative of 0*a - 6*a**2 + 0 + 1/24*a**4 - 4/3*a**3. Determine m(-7).
-15
Let d(q) = -q**2 - 5*q + 8. Suppose b - 8*b + 42 = 0. What is d(b)?
-58
Let w(f) = -5*f**3 + 17*f**2 + 12*f + 3. Let y be w(4). Let x(c) = -12*c + 6. What is x(y)?
-30
Let p(r) be the first derivative of 5 - r - 1/2*r**2. What is p(-1)?
0
Let n(f) = 3*f + 38. Let g = 2278 + -2290. Give n(g).
2
Suppose -3 = -4*c + 5. Suppose 2*r - 5*r + 3*v = 9, 0 = c*r - v + 3. Let l(z) be the second derivative of z**3/6 + 4*z**2 - 12*z. Determine l(r).
8
Let y(i) = -i + 2. Let a(j) = -j + 3. Suppose 10*m - 5*m = 100. Let z be m/(-6)*120/(-100). Let f(l) = z*y(l) - 5*a(l). Give f(5).
-2
Let d(k) = -6*k**2 - 2*k - 4. Let r(p) = p**3 + p. Let a(q) = -d(q) + r(q). Let z = 23 - 33. Let o be 5/(10/8) + z. What is a(o)?
-14
Let r(o) = 2*o**2 + 3*o - 3. Let a be 4*(-2)/(-8)*3. Let q be (30/(-18))/(a/(-9)). Suppose 10 = -q*j - v, -4*v + 7 = -4*j - 5*v. Calculate r(j).
6
Let y(r) = r**2 - 4*r - 2. Let g = 2 + 26. Let w = 21 - g. Let p be 1 + 2 + 9 + w. Determine y(p).
3
Let z = 63 + -68. Let l(q) = -9*q + 4. Let b(s) = -14*s + 6. Let i(o) = z*b(o) + 8*l(o). What is i(7)?
-12
Let z(t) be the first derivative of t**4/4 - 7*t**3/3 + 3*t - 665. Determine z(7).
3
Let o(m) = -4*m + 15. Suppose 3*r - 30 = 4*y, 2*r - 3*y - y - 24 = 0. Give o(r).
-9
Let d(c) = 14*c - 22. Let a(j) = -5*j + 8. Let r(x) = 11*a(x) + 4*d(x). Let u be (1 + 1)*2/(-4). Calculate r(u).
-1
Let x(j) = j**3 - 6*j**2 - j + 8. Let d be x(6). Let w(h) = h**3 + 7*h**d + 7 + 0 - 3 + 8*h. Let p be ((-340)/660 - (-2)/11)/(1/18). What is w(p)?
-8
Let l = 35 - 57. Let z = l - -26. Let d(q) = -q**2 + 6*q - 4. Determine d(z).
4
Let u(a) = 9*a**2 + 5*a + 6. Let d(w) = -10*w**2 - 6*w - 7. Let m(c) = -5*d(c) - 6*u(c). Calculate m(2).
-17
Let r(j) = j**3 - 7*j**2 - 7*j + 4. Let z be -15*1/(4/(-4)). Suppose -55 = -z*q + 65. Give r(q).
12
Let z = -4 - -5. Suppose d = -5*s + 8, 3*s - z - 9 = 2*d. Let i(x) = -3*x**s + 5*x**2 - 8*x**2 - 1. Calculate i(-1).
-7
Let r(s) = 4*s**3 - 3*s**2 + 2. Let c be r(2). Let x be 8/(-44) + (-216)/c. Let a be 7 + x + (0 - -3). Let p(d) = d + 5. Determine p(a).
5
Let g = 221 + -211. Let t(f) = -f**3 + 10*f**2 + 2*f - 8. What is t(g)?
12
Let v be (7 - 299/39)/(1/3). Let b(s) = s + 2. What is b(v)?
0
Suppose 264*n = 267*n - 12. Let r(z) = 2*z + 3*z**2 - 1 + z - 4*z**2 + 0. Calculate r(n).
-5
Let x(i) be the third derivative of i**6/24 + i**5/60 + i**4/24 + i**2. Suppose -2*u = -72*u - 70. Give x(u).
-5
Let g = 129 + -131. Let b(h) be the second derivative of h**5/20 + 2*h. Determine b(g).
-8
Let q = 35 - 29. Let u(l) = -l**2 + 3 + 2 + 4*l**2 - l**3 + 2*l**2 + 4*l. Determine u(q).
-7
Suppose -33 = -5*w + 2*w. Let d(u) = 12*u**2 - w*u**2 + 5*u + 4 - 2*u + 3*u. Determine d(-5).
-1
Let j = -11 - -15. Suppose 2*r = r + j. Let l(b) = -4 + b**2 - b + 9*b**3 + 4 - r*b**3. What is l(1)?
5
Let g(n) = -3*n**3 - 11*n**2 + 18*n - 8. Let p(v) = -5*v**3 - 10*v**2 + 20*v - 7. Let r(k) = 3*g(k) - 2*p(k). Give r(12).
14
Let n(c) = -4*c + 9 + 8*c**3 - 8 + 5*c - c**2. Give n(-1).
-9
Let q = 7 + -3. Let n(i) = 13*i - 19*i + 2*i**2 - q - 2. Determine n(5).
14
Let x(m) = m + 10. Let r(p) = -2*p - 20. Let z(y) = -2*r(y) - 5*x(y). Let o(k) = -k**3 + 5*k**2 + 6*k - 5. Suppose -4*l + 2 = -22. Let h be o(l). Give z(h).
-5
Let m(i) = i**2 - 10*i - 9. Suppose k - 4*d + 9 = 0, 0 = -5*k - 19*d + 18*d + 60. Calculate m(k).
2
Let j(b) = b**3 + 5*b**2 + 3*b - 4. Suppose -5*f - r = 19, -3*f - 9*r - 14 = -11*r. Calculate j(f).
0
Let g(w) = w**3 + 2*w**2 - 2*w - 1. Let a(h) = h**3 - 2*h**2 - 22*h - 10. Let t be a(6). Give g(t).
11
Let n = -140 - -134. Let a(b) = -b**3 - 6*b**2 - 2*b - 6. Determine a(n).
6
Let q(r) be the first derivative of r**4/8 + 5*r**3/6 - 3*r**2 - 7. Let g(p) be the second derivative of q(p). Give g(5).
20
Let b(r) = r + 1. Let l(j) = -9*j + 75. Let p be l(9). Give b(p).
-5
Let s(n) be the first derivative of -n**2/2 - 17*n - 352. Suppose 0 = m - 4*m - 30. Give s(m).
-7
Let i(u) be the first derivative of u**5/120 + 3*u**4/8 - 5*u**3/3 + 3. Let y(r) be the third derivative of i(r). Calculate y(0).
9
Let c(b) = -b**2 + 5*b - 2. Suppose 3*v - 202 = 110. Let w be v/18 + (-4)/(-18). Let q be w + -4 + 1 + 1. Calculate c(q).
2
Suppose -80*b + 109*b - 87 = 0. Let i(c) = -4*c**2 - 5*c + 2. What is i(b)?
-49
Let f(p) = -p**2 + 35*p - 71. Let l be f(33). Let k(h) = h**3 + 4*h**2 - 7*h - 11. Determine k(l).
-1
Let m(u) = -16*u + 82. Let k be m(5). Let x(i) = i**2 + 6*i - 11. What is x(k)?
5
Let w = -23 - -25. Let t be (w/3)/((-10)/(-45)). Let a(x) = -1 + t + 0*x**2 + x**2 - x**3. Calculate a(0).
2
Suppose 0 = -z - 3*u - 3 - 4, -5*u - 20 = 0. Let b(j) be the first derivative of 2*j**2 - 2*j + 3034. What is b(z)?
18
Let u(b) = -2 + 9 + b - 2*b - b - b**2. Let t be (7/3)/((-11)/(-66)). Let k = 8 - t. Calculate u(k).
-17
Let t be (2/6)/((-7)/21). Let c(y) be the first derivative of y**6/30 + y**3/6 - 3*y**2/2 + 11. Let k(f) be the second derivative of c(f). Give k(t).
-3
Let f(n) = -8*n + 2. Let s(p) = 6*p - 4. Let r(y) = -3*f(y) - 2*s(y). Suppose 0 = -5*h + 4*a - 2, -2*a = -2*h + 6*h + 12. Determine r(h).
-22
Let b(x) be the first derivative of -x**5/20 - x**4/3 + x**3 + 3*x**2 - 3*x + 41. Let q(h) be the first derivative of b(h). Suppose -1 - 4 = y. What is q(y)?
1
Let d(j) = j**3 + 7*j**2 + 4*j - 5. Let f = 38 + -38. Let i(x) = -x**3 + x**2 - 2*x + 12. Let l be i(f). Suppose -l*c = -11*c + 6. Give d(c).
7
Let c = -4 + 6. Let v(b) = -4 + 189*b - 2*b**c - 6*b**2 - 196*b - 1 - b**3. What is v(-7)?
-5
Suppose 0 = 3*v + 9 + 9. Let w(d) = d**3 + 5*d**2 - 3*d + 5. What is w(v)?
-13
Let w(k) be the second derivative of -3/2*k**2 + 0 - 1/2*k**3 - 38*k. Determine w(-2).
3
Let y(b) = -8*b**2. Suppose -q + 30 - 28 = 0. Suppose -3*x + 3 = l, -q*x - 4*l + 2 = -0*l. Calculate y(x).
-8
Let m = -15 + 21. Let z(d) = m*d - 3*d - 3 - 4*d. Let c(k) = -k**3 + 4*k - 3. Let u be c(2). Calculate z(u).
0
Suppose -74*b = -90*b + 48. Let s(w) be the first derivative of 2/3*w**3 - b*w + 4 - 2*w**2. Determine s(-2).
13
Let n(y) be the first derivative of -15 + 1/2*y**2 + 11*y. Calculate n(-5).
6
Let p be (8/12)/((-2)/(-21)). Let b(q) be the first derivative of q**3/3 - 9*q**2/2 + 10*q + 70. Calculate b(p).
-4
Let u(q) be the second derivative of -q**5/20 + q**4/3 - q**3/2 + q**2 - 2*q. Let a be 70/21*((-27)/5)/(-3). Let v = -3 + a. What is u(v)?
2
Let y = 14 - 19. Let k(f) = f**3 + 4*f**2 - 8*f - 4. What is k(y)?
11
Let b(a) = 4*a**3 + 13*a**2 + a - 10. Let p = -77 + 73. Let v(o) = 3*o**3 + 12*o**2 + o - 9. Let f(u) = p*b(u) + 5*v(u). Calculate f(8).
3
Let p(u) = 2*u - u**2 - u + 0*u**2 + 12 + 0*u + 5. Determine p(0).
17
Let p(v) be the second derivative of 0 + 4*v + v**2 + 1/6*v**3. Determine p(3).
5
Suppose 3*a = -2*a. Suppose -5*o + 30 = -a. Let c(w) = 5*w + 608 - 616 - 3*w. Determine c(o).
4
Suppose -24*m + 25 = -19*m. Let i(j) = 5*j**3 + 70*j - 1 - 4*j**3 - 32*j - 34*j - m*j**2. Give i(3).
-7
Suppose 6*y - 6 = 6. Let i(z) = z + 1. Let j(h) = 9*h + 4. Suppose -u = -5*u + 4. Let o(g) = u*j(g) - 6*i(g). Determine o(y).
4
Let f be (-14)/2 + 0 - 0. Suppose -5*t + 3*r = 2*r - 13, 4*t + 3*r + 1 = 0. Let y(v) = -2 + 0*v**2 + 0